{"id":133,"date":"2021-11-30T21:48:35","date_gmt":"2021-11-30T20:48:35","guid":{"rendered":"https:\/\/gold-greve.de\/?page_id=133"},"modified":"2022-10-15T07:02:08","modified_gmt":"2022-10-15T06:02:08","slug":"under_construction","status":"publish","type":"page","link":"https:\/\/gold-greve.de\/under_construction\/","title":{"rendered":"under_construction"},"content":{"rendered":"<p>[et_pb_section fb_built=&#8220;1&#8243; custom_padding_last_edited=&#8220;off|desktop&#8220; admin_label=&#8220;Content&#8220; _builder_version=&#8220;4.14.2&#8243; use_background_color_gradient=&#8220;on&#8220; background_color_gradient_start=&#8220;rgba(35,36,43,0.49)&#8220; background_color_gradient_end=&#8220;rgba(31,31,38,0.71)&#8220; background_color_gradient_overlays_image=&#8220;on&#8220; background_image=&#8220;https:\/\/gold-greve.de\/wp-content\/uploads\/2021\/12\/001_home_005.jpg&#8220; background_position=&#8220;top_center&#8220; background_blend=&#8220;multiply&#8220; custom_margin=&#8220;||||false|false&#8220; custom_margin_tablet=&#8220;0px||||false|false&#8220; custom_margin_last_edited=&#8220;off|desktop&#8220; custom_padding=&#8220;||||false|false&#8220; custom_padding_tablet=&#8220;||50px||false|false&#8220; locked=&#8220;off&#8220; global_colors_info=&#8220;{}&#8220;][et_pb_row _builder_version=&#8220;4.14.2&#8243; width=&#8220;100%&#8220; max_width=&#8220;none&#8220; global_colors_info=&#8220;{}&#8220;][et_pb_column type=&#8220;4_4&#8243; _builder_version=&#8220;4.14.2&#8243; global_colors_info=&#8220;{}&#8220;][et_pb_text _builder_version=&#8220;4.14.2&#8243; header_2_font=&#8220;Open Sans|||on|||||&#8220; header_2_font_size=&#8220;50px&#8220; header_2_letter_spacing=&#8220;6px&#8220; header_2_line_height=&#8220;1.6em&#8220; header_4_font=&#8220;Open Sans|600||on|||||&#8220; header_4_text_color=&#8220;#BEA88F&#8220; header_4_font_size=&#8220;20px&#8220; header_4_letter_spacing=&#8220;2.6px&#8220; header_4_line_height=&#8220;1.6em&#8220; text_orientation=&#8220;center&#8220; background_layout=&#8220;dark&#8220; header_2_font_tablet=&#8220;Open Sans|||on|||||&#8220; header_2_font_phone=&#8220;Open Sans|||on|||||&#8220; header_2_font_last_edited=&#8220;on|phone&#8220; header_2_font_size_tablet=&#8220;26px&#8220; header_2_font_size_phone=&#8220;16px&#8220; header_2_font_size_last_edited=&#8220;on|phone&#8220; header_2_letter_spacing_tablet=&#8220;6px&#8220; header_2_letter_spacing_phone=&#8220;2px&#8220; header_2_letter_spacing_last_edited=&#8220;on|phone&#8220; header_4_font_size_tablet=&#8220;16px&#8220; header_4_font_size_phone=&#8220;11px&#8220; header_4_font_size_last_edited=&#8220;on|desktop&#8220; locked=&#8220;off&#8220; global_colors_info=&#8220;{}&#8220;]<\/p>\n<h2>Elisabeth Greve &#8211; von Weyhe<\/h2>\n<h4>Goldschmiedemeisterin<\/h4>\n<p>[\/et_pb_text][et_pb_image src=&#8220;https:\/\/gold-greve.de\/wp-content\/uploads\/2021\/12\/001_home_006.jpg&#8220; title_text=&#8220;001_home_006&#8243; _builder_version=&#8220;4.14.2&#8243; _module_preset=&#8220;default&#8220; width=&#8220;16%&#8220; width_tablet=&#8220;32%&#8220; width_phone=&#8220;45%&#8220; width_last_edited=&#8220;on|phone&#8220; module_alignment=&#8220;center&#8220; border_radii=&#8220;on|2px|2px|2px|2px&#8220; border_width_all=&#8220;2px&#8220; border_color_all=&#8220;#BEA88F&#8220; global_colors_info=&#8220;{}&#8220;][\/et_pb_image][et_pb_text _builder_version=&#8220;4.14.7&#8243; text_text_color=&#8220;rgba(255,255,255,0.6)&#8220; text_line_height=&#8220;2em&#8220; header_font=&#8220;Open Sans||||||||&#8220; header_text_color=&#8220;#FFFFFF&#8220; header_font_size=&#8220;18px&#8220; header_letter_spacing=&#8220;3px&#8220; header_line_height=&#8220;1.5em&#8220; header_2_font=&#8220;Open Sans|600|||||||&#8220; header_2_text_color=&#8220;#BEA88F&#8220; header_2_font_size=&#8220;20px&#8220; header_2_letter_spacing=&#8220;3px&#8220; header_2_line_height=&#8220;1.5em&#8220; header_3_font=&#8220;Open Sans||||||||&#8220; header_3_text_color=&#8220;#FFFFFF&#8220; header_3_font_size=&#8220;16px&#8220; header_3_letter_spacing=&#8220;3px&#8220; header_3_line_height=&#8220;1.5em&#8220; text_orientation=&#8220;center&#8220; background_layout=&#8220;dark&#8220; max_width=&#8220;630px&#8220; module_alignment=&#8220;center&#8220; custom_margin=&#8220;||||false|true&#8220; custom_margin_tablet=&#8220;||||false|true&#8220; custom_margin_phone=&#8220;||||false|true&#8220; custom_margin_last_edited=&#8220;on|desktop&#8220; custom_padding=&#8220;||||false|true&#8220; custom_padding_tablet=&#8220;|8%||8%|false|true&#8220; custom_padding_phone=&#8220;|14%||14%|false|true&#8220; custom_padding_last_edited=&#8220;on|phone&#8220; hover_enabled=&#8220;0&#8243; header_text_color_tablet=&#8220;#FFFFFF&#8220; header_text_color_phone=&#8220;#FFFFFF&#8220; header_text_color_last_edited=&#8220;on|desktop&#8220; header_font_size_tablet=&#8220;16px&#8220; header_font_size_phone=&#8220;14px&#8220; header_font_size_last_edited=&#8220;on|phone&#8220; header_letter_spacing_tablet=&#8220;3px&#8220; header_letter_spacing_phone=&#8220;3px&#8220; header_letter_spacing_last_edited=&#8220;on|phone&#8220; header_2_text_color_tablet=&#8220;#BEA88F&#8220; header_2_text_color_phone=&#8220;#BEA88F&#8220; header_2_text_color_last_edited=&#8220;on|tablet&#8220; header_2_font_size_tablet=&#8220;20px&#8220; header_2_font_size_phone=&#8220;15px&#8220; header_2_font_size_last_edited=&#8220;on|tablet&#8220; header_2_letter_spacing_tablet=&#8220;3px&#8220; header_2_letter_spacing_phone=&#8220;2px&#8220; header_2_letter_spacing_last_edited=&#8220;on|phone&#8220; header_3_text_color_tablet=&#8220;#FFFFFF&#8220; header_3_text_color_phone=&#8220;#FFFFFF&#8220; header_3_text_color_last_edited=&#8220;on|phone&#8220; header_3_font_size_tablet=&#8220;15px&#8220; header_3_font_size_phone=&#8220;12px&#8220; header_3_font_size_last_edited=&#8220;on|desktop&#8220; header_3_letter_spacing_tablet=&#8220;3px&#8220; header_3_letter_spacing_phone=&#8220;3px&#8220; header_3_letter_spacing_last_edited=&#8220;on|desktop&#8220; global_colors_info=&#8220;{}&#8220; sticky_enabled=&#8220;0&#8243;]<\/p>\n<h1>Ich \u00fcberarbeite meine Website von Grund auf. In k\u00fcrze bin ich wieder f\u00fcr Sie da \u2013 mit frischem Design. Sie k\u00f6nnen mir gerne auf Instagram folgen. Am schnellsten gelangen Sie \u00fcber den Instagram-Button oben rechts im Men\u00fc zu mir.<\/h1>\n<h1>Bei Anfragen bin ich weiterhin telefonisch und via E-Mail erreichbar.<\/h1>\n<p>&nbsp;<\/p>\n<h2>Goldschmiede Elisabeth Greve<\/h2>\n<h3>Elisabeth Greve &#8211; von Weyhe<\/h3>\n<h3>Sudweyher Str.39<\/h3>\n<h3>28844 Weyhe-Sudweyhe<\/h3>\n<h3>04203\/438169<\/h3>\n<h3><a href=\"mailto:info@gold-greve.de\">info@gold-greve.de<\/a><\/h3>\n<p>&nbsp;<\/p>\n<p>[\/et_pb_text][\/et_pb_column][\/et_pb_row][\/et_pb_section]<\/p>\n","protected":false},"excerpt":{"rendered":"<p>Elisabeth Greve &#8211; von Weyhe GoldschmiedemeisterinIch \u00fcberarbeite meine Website von Grund auf. In k\u00fcrze bin ich wieder f\u00fcr Sie da \u2013 mit frischem Design. Sie k\u00f6nnen mir gerne auf Instagram folgen. Am schnellsten gelangen Sie \u00fcber den Instagram-Button oben rechts im Men\u00fc zu mir. Bei Anfragen bin ich weiterhin telefonisch und via E-Mail erreichbar. &nbsp; [&hellip;]<\/p>\n","protected":false},"author":1,"featured_media":0,"parent":0,"menu_order":0,"comment_status":"closed","ping_status":"closed","template":"","meta":{"_et_pb_use_builder":"on","_et_pb_old_content":"","_et_gb_content_width":"","footnotes":""},"class_list":["post-133","page","type-page","status-publish","hentry"],"_links":{"self":[{"href":"https:\/\/gold-greve.de\/under_construction\/wp-json\/wp\/v2\/pages\/133","targetHints":{"allow":["GET"]}}],"collection":[{"href":"https:\/\/gold-greve.de\/under_construction\/wp-json\/wp\/v2\/pages"}],"about":[{"href":"https:\/\/gold-greve.de\/under_construction\/wp-json\/wp\/v2\/types\/page"}],"author":[{"embeddable":true,"href":"https:\/\/gold-greve.de\/under_construction\/wp-json\/wp\/v2\/users\/1"}],"replies":[{"embeddable":true,"href":"https:\/\/gold-greve.de\/under_construction\/wp-json\/wp\/v2\/comments?post=133"}],"version-history":[{"count":17,"href":"https:\/\/gold-greve.de\/under_construction\/wp-json\/wp\/v2\/pages\/133\/revisions"}],"predecessor-version":[{"id":384,"href":"https:\/\/gold-greve.de\/under_construction\/wp-json\/wp\/v2\/pages\/133\/revisions\/384"}],"wp:attachment":[{"href":"https:\/\/gold-greve.de\/under_construction\/wp-json\/wp\/v2\/media?parent=133"}],"curies":[{"name":"wp","href":"https:\/\/api.w.org\/{rel}","templated":true}]}}